et t(r) = 5665*r + 583478. Calculate t(-103).
-17
Let s(m) = 4709*m + 65944. Calculate s(-14).
18
Let f(n) = -1558*n**2 + 9321*n + 31. Determine f(6).
-131
Let w(c) = -463*c + 56266. Give w(121).
243
Let a(c) = -c**3 + 675*c**2 + 2694*c + 14936. Give a(679).
-2
Let c(o) = -241170*o - 3617547. Calculate c(-15).
3
Let n(m) = m**2 - 199*m - 3576. Give n(216).
96
Let j(z) = 13251*z - 66220. Give j(5).
35
Let l(x) = x**3 + 38*x**2 - 196*x + 5362. Give l(-45).
7
Let q(x) = -97*x + 8970. Give q(93).
-51
Let o(n) = -143*n**2 - 1542*n - 758. What is o(-10)?
362
Let c(d) = -d**3 - 40*d**2 + 216*d - 470. Determine c(-45).
-65
Let i(w) = -3286*w + 380431. Give i(116).
-745
Let b(r) = r**3 - 32*r**2 - 3*r - 2147. Determine b(34).
63
Let l(c) = 18138*c + 54406. Give l(-3).
-8
Let a(c) = 159*c**2 + 315*c - 5543. Give a(5).
7
Let o(p) = 3554*p - 35107. Give o(10).
433
Let i(o) = -o**2 + 51*o + 694118. Determine i(-808).
46
Let h(j) = 4971*j + 154074. What is h(-31)?
-27
Let n(k) = 3*k**3 + 34*k**2 - 35*k - 131. Calculate n(-12).
1
Let o(w) = -w**3 - 20*w**2 - 44*w + 377. Calculate o(-14).
-183
Let i(w) = -43336*w - 16597676. Determine i(-383).
12
Let p(h) = h**2 + 516*h - 18725. Calculate p(34).
-25
Let i(u) = -14*u**2 + 8356*u + 67653. Calculate i(-8).
-91
Let f(k) = k**3 + 67*k**2 - 141*k - 120. Give f(-69).
87
Let f(q) = -q**2 - 563*q + 14496. What is f(25)?
-204
Let y(k) = 2*k**2 - 28*k + 155. Give y(14).
155
Let m(b) = -14099*b - 1663732. Calculate m(-118).
-50
Let s(c) = -17864*c + 71534. Determine s(4).
78
Let x(k) = 1818*k - 1398. Calculate x(1).
420
Let c(r) = -39*r + 473. Give c(18).
-229
Let p(t) = 14655*t + 263816. Determine p(-18).
26
Let p(k) = k**3 - 24*k**2 - 38*k + 870. Give p(24).
-42
Let u(c) = 5*c**3 + 19*c**2 + 111*c + 25. What is u(-6)?
-1037
Let g(l) = -6*l**2 - 729*l - 22134. What is g(-65)?
-99
Let l(t) = 6*t**2 - 54*t - 1016. Give l(23).
916
Let z(s) = -2*s**2 + 7222*s + 50660. Give z(-7).
8
Let y(t) = 463*t + 5544. Give y(-12).
-12
Let x(f) = 180823*f**2 + 361649*f + 5. Calculate x(-2).
-1
Let p(o) = -111746*o + 2346667. Calculate p(21).
1
Let f(v) = 4*v**2 + 69*v - 15903. Determine f(55).
-8
Let k(n) = -1998*n + 40015. Give k(19).
2053
Let r(h) = -7*h**2 + 2770*h + 437661. Give r(-121).
4
Let g(x) = x**3 + 126*x**2 + 3313*x + 1748. What is g(-89)?
-32
Let u(j) = 11*j**2 - 4454*j - 36080. Determine u(-8).
256
Let d(k) = k**3 + 63*k**2 - 253*k - 19. What is d(4)?
41
Let y(i) = 20*i**2 - 3296*i + 30. Calculate y(165).
690
Let a(b) = 3*b**2 + 323*b - 812. What is a(-109)?
-376
Let v(n) = n**3 - 46*n**2 + 259*n - 407. Determine v(39).
-953
Let a(d) = -d**2 + 912*d + 14877. Give a(928).
29
Let s(u) = u**3 - 25*u**2 + 88*u - 165. Calculate s(13).
-1049
Let o(c) = -c**3 - 41*c**2 - 1380*c - 53704. Give o(-40).
-104
Let b(s) = s**3 + 22*s**2 - 555*s + 2118. Determine b(5).
18
Let s(y) = 746*y**2 + 4476*y + 88. What is s(-6)?
88
Let k(j) = -5*j**3 + 1080*j**2 - 1061*j - 3082. Give k(215).
-72
Let u(t) = -72038*t - 144074. Determine u(-2).
2
Let y(w) = -8*w**3 + 565*w**2 + 196*w + 1211. Calculate y(71).
4
Let w(q) = -2*q**3 - 27*q**2 + 52*q + 91. Calculate w(-15).
-14
Let f(r) = -8*r**2 - 297*r + 604. Calculate f(-41).
-667
Let p(l) = -l**3 + 174*l**2 - 1907*l - 5966. Determine p(162).
28
Let p(x) = -x**3 + 234*x**2 + 73*x - 17091. What is p(234)?
-9
Let l(u) = -u**2 + 332*u + 44271. Determine l(434).
3
Let l(c) = c**3 + 117*c**2 + 3*c + 2182. Determine l(-117).
1831
Let g(n) = 620*n + 8834. Calculate g(-16).
-1086
Let a(c) = 346*c + 8064. Calculate a(-23).
106
Let b(a) = 1243*a + 15172. Determine b(-13).
-987
Let f(p) = -p**3 - 3*p**2 + 123*p - 1390. Determine f(12).
-2074
Let s(y) = 1398*y - 33632. Determine s(24).
-80
Let m(t) = -35*t**3 + 272*t**2 - 373*t - 26. Determine m(6).
-32
Let q(d) = 25*d**2 + 761*d + 758. Calculate q(-1).
22
Let f(w) = 14*w**3 - 91*w**2 + 117*w - 450. Calculate f(6).
0
Let x(j) = -88*j - 1238. Determine x(0).
-1238
Let c(d) = -1020*d**2 - 249*d - 495. Give c(-2).
-4077
Let h(q) = -q**3 - 2*q**2 - 2708*q + 5412. What is h(2)?
-20
Let d(s) = -s**3 + 41*s**2 - 228*s + 1150. Give d(33).
2338
Let g(c) = -3*c**3 - 88*c**2 - 75*c - 120. Determine g(-30).
3930
Let g(i) = -11*i**3 - 26*i**2 - 87*i + 5. Give g(-4).
641
Let z(v) = -8*v**3 + 31*v**2 - 80*v + 395. Determine z(4).
59
Let c(k) = 97129*k - 97138. Calculate c(1).
-9
Let b(h) = 457*h**2 + 39310*h - 153. Calculate b(-86).
-841
Let x(k) = -k**3 + 21*k**2 + 743*k - 15583. Determine x(21).
20
Let y(s) = 3*s**3 - 231*s**2 + 4269*s + 2290. Give y(45).
-5
Let r(z) = -61*z**2 - 3592*z + 349. Determine r(-59).
-64
Let c(v) = 202*v**2 + 622*v - 2067. Determine c(2).
-15
Let h(z) = -21143*z - 338271. Determine h(-16).
17
Let m(a) = a**3 - 39*a**2 - 108*a - 792. What is m(42)?
-36
Let v(u) = 3*u**3 - 7*u**2 - 15*u + 39. Determine v(2).
5
Let g(s) = 79*s**3 + 274*s**2 + 568*s + 21. Give g(-2).
-651
Let m(d) = -64*d - 15059. Calculate m(-236).
45
Let j(w) = 746023*w + 1492032. Give j(-2).
-14
Let w(f) = 68*f + 3736. Determine w(-58).
-208
Let v(p) = 2711*p - 81541. What is v(30)?
-211
Let y(n) = 555*n**3 + 8*n**2 + 27*n + 31. Calculate y(-2).
-4431
Let m(l) = -38*l**2 - 7707*l + 64078. Calculate m(8).
-10
Let i(b) = -9170*b - 64148. Determine i(-7).
42
Let z(s) = -764*s + 222703. What is z(290)?
1143
Let a(w) = 5120*w - 56349. Determine a(11).
-29
Let s(x) = x**2 - 124*x + 1673. Determine s(108).
-55
Let l(h) = -h**3 - 1063*h**2 - 7493*h - 708. What is l(-7)?
-1
Let p(g) = -g**3 + 185*g**2 + 295*g + 16787. What is p(187)?
2014
Let x(u) = u**2 + 228*u + 4331. Give x(-21).
-16
Let p(b) = 1971*b + 171183. Give p(-87).
-294
Let z(k) = 308*k + 52564. Calculate z(-181).
-3184
Let v(c) = -16*c**3 - 2*c**2 - 96*c - 375. Determine v(-4).
1001
Let t(g) = 6897*g - 393396. What is t(57)?
-267
Let l(i) = 10*i**2 + 5354*i - 3231. Determine l(-536).
-15
Let l(h) = -h**3 - 9*h**2 - 1175*h - 8119. What is l(-7)?
8
Let r(k) = 1724*k - 1730. Give r(1).
-6
Let f(p) = -p**3 + 2*p**2 + 120*p - 790. What is f(0)?
-790
Let o(x) = -21194*x - 4556706. Calculate o(-215).
4
Let y(x) = 11*x**2 - 665*x - 753. What is y(60)?
-1053
Let j(o) = -65*o + 5121. What is j(78)?
51
Let y(v) = 1367*v + 12349. Give y(-9).
46
Let j(a) = -2*a**3 - 883*a**2 + 4021*a + 3118. Give j(-446).
-4
Let g(q) = -q**3 + 810*q**2 + 1578*q + 37352. Calculate g(812).
0
Let j(q) = -q**3 - 38*q**2 - 211*q + 1498. Calculate j(-29).
48
Let g(c) = 15911*c - 970618. Calculate g(61).
-47
Let m(a) = -a**3 + 6*a**2 + 96*a - 315. What is m(3)?
0
Let k(a) = 654*a - 68091. Give k(105).
579
Let l(t) = -5*t**2 + 2791*t - 8334. Give l(3).
-6
Let g(v) = -2*v**3 - 56*v**2 - 133*v + 1431. Give g(-24).
15
Let b(x) = -4*x**3 - 429*x**2 + 3462*x - 11. Give b(8).
-1819
Let s(m) = -450*m + 24329. Give s(54).
29
Let k(i) = -278*i**2 + 7*i - 9. Give k(2).
-1107
Let v(p) = -2*p**2 - 804*p - 16736. What is v(-22)?
-16
Let b(z) = 7491*z + 37464. Give b(-5).
9
Let h(f) = -20110*f - 703849. What is h(-35)?
1
Let p(l) = 264*l + 22185. Give p(-84).
9
Let u(g) = 17*g**3 + 338*g**2 - 28*g - 65. Determine u(-20).
-305
Let g(s) = -5*s**2 - 310*s + 27043. Calculate g(-111).
-152
Let t(n) = 2*n**3 + 522*n**2 - 74*n - 19280. Give t(-261).
34
Let n(f) = 217*f - 3717. Determine n(6).
-2415
Let w(y) = 65*y**2 - 40*y - 27. What is w(-5)?
1798
Let y(v) = v**3 + 21*v**2 - 887*v - 6571. What is y(25)?
4
Let l(g) = 2*g**2 - 963*g - 71610. What is l(547)?
47
Let g(n) = 213*n + 3429. What is g(-14)?
447
Let s(x) = -5685*x + 18202. Calculate s(3).
1147
Let w(v) = 1360*v - 280009. Determine w(206).
151
Let m(o) = 2*o**3 + 645*o**2 - 370*o - 15186. Give m(-323).
-5
Let r(u) = -129*u**2 - 16502*u + 133. Calculate r(-128).
-1147
Let s(h) = 178*h**2 + 28*h - 395. What is s(-5)?
3915
Let s(a) = -a**3 - 16*a**2 - 39*a - 5. Determine s(-3).
-5
Let x(b) = 34433*b + 137814. Determine x(-4).
82
Let x(a) = 3*a**3 + 126*a**2 - 474*a + 425. Determine x(2).
5
Let c(g) = 28695*g + 172167. What is c(-6)?
-3
Let m(t) = 1070*t + 18192. What is m(-17)?
2
Let h(m) = -21604*m - 108054. Determine h(-5).
-34
Let g(f) = -f**3 + 42*f**2 - 131*f + 508. Determine g(39).
-38
Let b(q) = -617557*q + 617564. Calculate b(1).
7
Let y(j) = j**3 + 1748*j**2 + 31142*j + 21. Determine y(-18).
-15
Let u(y) = -529*y**2